
9
What is the units digit of 14189?
9
What is the hundreds digit of 741?
7
What is the hundreds digit of 273?
2
What is the tens digit of 17368?
6
What is the units digit of 6882?
2
What is the tens digit of 928?
2
What is the thousands digit of 18550?
8
What is the hundreds digit of 999?
9
What is the tens digit of 9563?
6
What is the ten thousands digit of 10348?
1
What is the thousands digit of 47226?
7
What is the tens digit of 22407?
0
What is the hundreds digit of 1716?
7
What is the tens digit of 3160?
6
What is the hundreds digit of 74774?
7
What is the units digit of 400?
0
What is the tens digit of 116?
1
What is the ten thousands digit of 11932?
1
What is the thousands digit of 20419?
0
What is the units digit of 63914?
4
What is the thousands digit of 3430?
3
What is the units digit of 66990?
0
What is the thousands digit of 5120?
5
What is the tens digit of 2920?
2
What is the units digit of 242?
2
What is the tens digit of 52438?
3
What is the tens digit of 233?
3
What is the thousands digit of 133942?
3
What is the tens digit of 151?
5
What is the tens digit of 11392?
9
What is the tens digit of 1246?
4
What is the thousands digit of 36911?
6
What is the tens digit of 162213?
1
What is the hundreds digit of 10179?
1
What is the ten thousands digit of 10071?
1
What is the thousands digit of 3457?
3
What is the hundreds digit of 4417?
4
What is the thousands digit of 4090?
4
What is the ten thousands digit of 72001?
7
What is the hundreds digit of 796?
7
What is the hundreds digit of 16617?
6
What is the thousands digit of 2785?
2
What is the hundreds digit of 2077?
0
What is the hundreds digit of 5556?
5
What is the units digit of 2970?
0
What is the hundreds digit of 63030?
0
What is the thousands digit of 42166?
2
What is the hundreds digit of 2196?
1
What is the thousands digit of 12417?
2
What is the tens digit of 53952?
5
What is the units digit of 440?
0
What is the units digit of 16?
6
What is the units digit of 43024?
4
What is the tens digit of 3555?
5
What is the tens digit of 2117?
1
What is the units digit of 120862?
2
What is the thousands digit of 2443?
2
What is the tens digit of 273?
7
What is the hundreds digit of 18460?
4
What is the hundreds digit of 44365?
3
What is the tens digit of 5658?
5
What is the units digit of 3557?
7
What is the hundreds digit of 473?
4
What is the tens digit of 1039?
3
What is the tens digit of 5140?
4
What is the units digit of 5234?
4
What is the hundreds digit of 26918?
9
What is the ten thousands digit of 17224?
1
What is the thousands digit of 33523?
3
What is the units digit of 113606?
6
What is the thousands digit of 2064?
2
What is the tens digit of 148673?
7
What is the ten thousands digit of 19034?
1
What is the units digit of 7089?
9
What is the tens digit of 624?
2
What is the hundreds digit of 398?
3
What is the tens digit of 5546?
4
What is the units digit of 641?
1
What is the thousands digit of 9046?
9
What is the tens digit of 9420?
2
What is the tens digit of 47997?
9
What is the hundreds digit of 73505?
5
What is the units digit of 26628?
8
What is the hundreds digit of 2751?
7
What is the hundreds digit of 1068?
0
What is the units digit of 1040?
0
What is the units digit of 703?
3
What is the thousands digit of 1470?
1
What is the thousands digit of 1317?
1
What is the tens digit of 7762?
6
What is the hundreds digit of 241?
2
What is the hundreds digit of 839?
8
What is the tens digit of 1575?
7
What is the thousands digit of 1916?
1
What is the thousands digit of 3269?
3
What is the units digit of 177?
7
What is the thousands digit of 4950?
4
What is the hundreds digit of 70986?
9
What is the tens digit of 86421?
2
What is the hundreds digit of 4128?
1
What is the units digit of 47642?
2
What is the units digit of 307?
7
What is the ten thousands digit of 14777?
1
What is the hundreds digit of 108?
1
What is the thousands digit of 83470?
3
What is the units digit of 7300?
0
What is the ten thousands digit of 83764?
8
What is the hundreds digit of 9231?
2
What is the hundreds digit of 5892?
8
What is the thousands digit of 3951?
3
What is the tens digit of 34182?
8
What is the hundreds digit of 50875?
8
What is the hundreds digit of 26842?
8
What is the tens digit of 506?
0
What is the hundreds digit of 1573?
5
What is the thousands digit of 65146?
5
What is the hundreds digit of 34331?
3
What is the tens digit of 744?
4
What is the units digit of 730?
0
What is the thousands digit of 14639?
4
What is the units digit of 12689?
9
What is the ten thousands digit of 61049?
6
What is the tens digit of 7999?
9
What is the thousands digit of 3094?
3
What is the tens digit of 101457?
5
What is the thousands digit of 2414?
2
What is the hundreds digit of 9068?
0
What is the thousands digit of 3241?
3
What is the thousands digit of 1548?
1
What is the thousands digit of 2981?
2
What is the thousands digit of 1025?
1
What is the tens digit of 4197?
9
What is the thousands digit of 6016?
6
What is the hundreds digit of 781?
7
What is the units digit of 193?
3
What is the thousands digit of 32314?
2
What is the ten thousands digit of 20101?
2
What is the units digit of 1178?
8
What is the units digit of 147621?
1
What is the tens digit of 6473?
7
What is the ten thousands digit of 24088?
2
What is the units digit of 17669?
9
What is the thousands digit of 2572?
2
What is the ten thousands digit of 11591?
1
What is the units digit of 106840?
0
What is the units digit of 4229?
9
What is the units digit of 1179?
9
What is the units digit of 123105?
5
What is the tens digit of 46054?
5
What is the units digit of 2470?
0
What is the tens digit of 10610?
1
What is the thousands digit of 183308?
3
What is the ten thousands digit of 14362?
1
What is the thousands digit of 1270?
1
What is the units digit of 9917?
7
What is the units digit of 30376?
6
What is the thousands digit of 25841?
5
What is the units digit of 5398?
8
What is the hundreds digit of 47433?
4
What is the thousands digit of 4370?
4
What is the thousands digit of 34229?
4
What is the thousands digit of 160414?
0
What is the tens digit of 999?
9
What is the hundreds digit of 1013?
0
What is the units digit of 191?
1
What is the thousands digit of 50934?
0
What is the tens digit of 2346?
4
What is the thousands digit of 1143?
1
What is the hundreds digit of 1081?
0
What is the ten thousands digit of 29440?
2
What is the thousands digit of 8126?
8
What is the hundreds digit of 233?
2
What is the thousands digit of 30513?
0
What is the thousands digit of 11272?
1
What is the tens digit of 3906?
0
What is the hundreds digit of 446?
4
What is the tens digit of 440?
4
What is the units digit of 41520?
0
What is the hundreds digit of 8256?
2
What is the units digit of 1039?
9
What is the tens digit of 4369?
6
What is the units digit of 62?
2
What is the hundreds digit of 7619?
6
What is the tens digit of 23937?
3
What is the ten thousands digit of 23680?
2
What is the tens digit of 600?
0
What is the tens digit of 95276?
7
What is the tens digit of 5907?
0
What is the hundred thousands digit of 108479?
1
What is the tens digit of 4502?
0
What is the hundreds digit of 41639?
6
What is the units digit of 8395?
5
What is the tens digit of 833?
3
What is the units digit of 463?
3
What is the thousands digit of 1184?
1
What is the hundreds digit of 956?
9
What is the thousands digit of 2997?
2
What is the tens digit of 69158?
5
What is the tens digit of 306?
0
What is the units digit of 4599?
9
What is the tens digit of 424?
2
What is the tens digit of 662?
6
What is the thousands digit of 31938?
1
What is the hundreds digit of 1418?
4
What is the hundreds digit of 10610?
6
What is the tens digit of 934?
3
What is the tens digit of 64304?
0
What is the units digit of 22677?
7
What is the tens digit of 1279?
7
What is the units digit of 68333?
3
What is the tens digit of 25459?
5
What is the units digit of 39822?
2
What is the units digit of 79080?
0
What is the hundreds digit of 861?
8
What is the tens digit of 23682?
8
What is the hundreds digit of 50013?
0
What is the tens digit of 3353?
5
What is the thousands digit of 1281?
1
What is the ten thousands digit of 38266?
3
What is the units digit of 5812?
2
What is the te